171. What is the thousands digit of k(-31)?
2
Let v(h) = -19*h - 207. Let c be v(-12). Suppose -2150 = -c*l + 14083. What is the units digit of l?
3
Suppose -3251 = 4*c - 227179. What is the units digit of c?
2
Let l(a) = -1023*a + 216. What is the hundreds digit of l(-5)?
3
Let s be 5*(4 + -3 - 0/2). Suppose -3*b + 8*b - 2*k = -20, k - 20 = s*b. What is the units digit of (-9 + 3 - -4)*38/b?
9
Let s(w) = 43*w**2 - 32*w + 4. What is the hundreds digit of s(-8)?
0
Suppose 0 = 5*a + 2*o + 4967 - 38345, 20 = 5*o. What is the thousands digit of a?
6
Suppose -34*m + 564231 + 293001 + 371324 = 0. What is the tens digit of m?
3
Let y(j) = j**3 - 8*j**2 + 8*j + 10. Let f(g) = g**3 - 4. Let m be f(-3). Let i = m - -38. What is the tens digit of y(i)?
1
Let t(j) = -j**2 + 10*j - 21. Let y be t(9). Let p be y/(-14)*((-35)/(-10) - 0). Suppose -g - 119 = -0*i - i, 595 = 5*i - p*g. What is the hundreds digit of i?
1
Let i = -25216 - -32380. What is the hundreds digit of i?
1
Suppose -3*f = 5*p - 45, -23 = -3*f + 5*p + 52. Let v(j) = 24*j - 206. What is the units digit of v(f)?
4
Let d be (126/4 - 2)/(2/4). Suppose 3*p + d = l, 3*l = -4*p - 58 + 1. What is the tens digit of 3/p + 3462/36?
9
Suppose 280*k - 76945 = 267*k + 12027. What is the tens digit of k?
4
Let w(m) = -m**2 - 9*m - 19. Let l be w(-7). Let d(n) = 13*n**2 + 13*n + 5. What is the hundreds digit of d(l)?
2
Suppose -5*q - 21174 = -2*r, 2*q + 4123 = 2*r - 17063. What is the hundreds digit of r?
5
Let c(i) = 3*i**2 + 95*i + 462. What is the thousands digit of c(-59)?
5
Let q(d) = -599*d + 846. What is the hundreds digit of q(-24)?
2
Let q = 60522 - 34968. What is the units digit of q?
4
Let i = 28190 - 16755. What is the tens digit of i?
3
Let f = -9371 - -22587. What is the thousands digit of f?
3
Let s = 30548 - 21041. What is the thousands digit of s?
9
Let k = -79 + 80. Let p be k/((-3789)/(-9435) - 12/30). Suppose -3*v + m + 105 = -p, -3*m = 5*v - 1214. What is the hundreds digit of v?
2
Suppose 4*c + 16 = -0, 4*z = 2*c + 88. Suppose z = 8*f - 76. Suppose 0 = -13*k + f*k + 26. What is the tens digit of k?
2
Let z(d) = d**2 + 8*d - 16. Let g be z(-10). Let u be (10/5 - g) + 141. Let y = u + -97. What is the tens digit of y?
4
Suppose 2*g - 41 = 4*j - 5*j, j = -4*g + 37. Suppose -j = -5*x - 4*x. Suppose -370 - 290 = -x*p. What is the units digit of p?
2
Let s be 1 - ((1067 - -3) + -3). Let o = 1966 + s. Suppose -335 = 5*y - o. What is the tens digit of y?
1
Suppose 39*d - 228 = 37*d. Let p = 107 - d. What is the tens digit of (-4)/10 + p*172/(-10)?
2
Suppose -2*f + 4*u + 20638 = 0, -3*u + 10309 = f - 35. What is the tens digit of f?
2
Let q(g) = -2*g**3 - 39*g**2 - 15*g + 76. Let d be q(-19). Suppose d = -r - l + 921, 4*r - 4611 = -r + l. What is the units digit of r?
2
Let m(h) = 94*h + 7810. What is the thousands digit of m(-5)?
7
Let m(h) = -h**3 - 9*h**2 + 8*h - 16. Let b be m(-10). What is the tens digit of 4/(180/6425) - b/(-18)?
4
Let w = 11732 - -6099. What is the thousands digit of w?
7
Let s(x) = -5675*x - 3175. What is the units digit of s(-14)?
5
Suppose 17*b - 4*t = 16*b + 31, 2*b + 3*t = 29. Let g(o) = 2*o**2 + 36*o + 15. Let u(n) = -n**2 + 1. Let h(i) = -g(i) - 4*u(i). What is the tens digit of h(b)?
1
Suppose 0 = -61*z + 30604 - 10181 + 104627. What is the thousands digit of z?
2
Suppose 39410 = 41*o - 27420. What is the units digit of o?
0
Let n(c) = c**3 - 8*c**2 + 2*c - 16. Let h(a) = a**3 + 4*a + 8. Let z be h(0). Let r be n(z). Suppose 0 = -2*b - r*b + 352. What is the tens digit of b?
7
Suppose 0 = r - 3*k + 55, 3*k + 123 = -2*r + 22. What is the units digit of (-10)/65 + (-10200)/r?
6
Let i = -8258 - -16097. What is the units digit of i?
9
Suppose 5*a = -6573 + 23593. Suppose -a = -16*l + 1236. What is the units digit of l?
0
Suppose 2*v + 2*c = 5642, -2*c - 2340 - 3286 = -2*v. Suppose -19*t + 10*t = -v. What is the hundreds digit of t?
3
Suppose -153*n + 754355 = -739231. What is the units digit of n?
2
Let a = -121 - -125. Suppose 0 = -a*k + 3*k + 224. What is the tens digit of k?
2
Let k = -342 - -178. Let t = 144 - k. What is the tens digit of t?
0
Suppose 7*a - 7 = 7. Suppose c - 3*j = 128, 4*j = -a*c + 5*c - 369. What is the units digit of c?
9
Suppose 195368 - 701132 = -31*l + 3*l. What is the tens digit of l?
6
Let m(x) = 2*x**2 - 20*x + 40. Let y be m(8). Suppose -1038 - 698 = -y*c. What is the hundreds digit of c?
2
Let i(p) = -2*p - 122*p**2 - 117*p**2 + 102 + 240*p**2. Let s be (1 - 1)*(-1)/4. What is the units digit of i(s)?
2
Suppose 4*l = 5*n + 90 + 210, 0 = l + 4*n - 75. Suppose -71*u - 2048 = -l*u. What is the units digit of u?
2
What is the units digit of ((-11)/(-33))/((-6)/(-70470))?
5
Suppose -9 = -c + i, 0 = 2*c + 2*i - 55 + 17. Suppose c*t - 23*t + 3978 = 0. What is the tens digit of t?
4
Let a be -14 + 15 + -1 + 4. Suppose s + 5*d = a*s - 352, -2*d - 4 = 0. What is the hundreds digit of s?
1
Let s = 79843 - 47554. What is the ten thousands digit of s?
3
Suppose c + 88 = -4*k - 159, 2*c = -5*k - 506. Let f(u) = -u**3 - 28*u**2 + 115*u + 102. Let r be f(-32). Let l = c + r. What is the units digit of l?
5
Let h = 2521 + 333. What is the thousands digit of h?
2
Suppose 6*z + 2 = 32. Suppose 1209 = -z*v + 3029. What is the hundreds digit of v?
3
Let d(f) = -f**2 - 39*f - 12. Let o be d(-24). Suppose -2*u + s + o = -3*s, -u + 171 = -3*s. What is the units digit of u?
0
Let j be (-5)/30 + 39/18. Let o be (-27)/(-8) - 120/320. Suppose -j*c = -o*c, -a + 78 = -4*c. What is the tens digit of a?
7
Let q be (10/10)/(2/10). Suppose -3*k + 1290 = -q*u, -u = k + u - 441. Let c = k - 233. What is the tens digit of c?
0
What is the hundreds digit of 2 + 24158 + -7 - 0 - 4?
1
Suppose -l + 4*n + 8 = l, -2*n = 3*l - 44. Let q(s) = s**3 - 11*s**2 - 11*s - 8. Let d be q(l). What is the units digit of 78 - 0*((-2)/d)/(-1)?
8
Suppose -4*k = 3*w - 38039, 2*k + 201*w = 196*w + 19037. What is the hundreds digit of k?
5
Let s = 2 + 8. Let k be ((-8)/s)/((-2)/(-5)). What is the units digit of k*-24*(-2)/(-3)?
2
Let w(r) be the second derivative of 81*r**3/2 - 9*r**2/2 - 34*r. What is the units digit of w(1)?
4
Let y be 18012/19 - 6*2/4. Let l = y - 474. What is the hundreds digit of l?
4
Suppose x + 74 = 2*u, -3*u = 4*x - 23 - 66. Suppose -75153 = -6*s - u*s. What is the thousands digit of s?
1
Let v = -69 + 74. Suppose 4*g - 4*a - 641 = 703, 4*a - 1653 = -v*g. What is the tens digit of g?
3
Let j(p) = -3*p**2 - 53*p - 26. Let w be j(-17). Suppose 3*y = 2*t + 3782, y - w*t = -9*t + 1264. What is the tens digit of y?
6
Let r(m) = -m**3 + 6*m**2 + 18*m + 5. Let d be r(-9). Let w = 1803 - d. What is the tens digit of w?
4
Let z(p) = 7*p**2 - 1076*p - 1139. What is the tens digit of z(177)?
1
Suppose 5*j - 18 = -i - 29, 0 = -j - 4*i + 13. What is the hundreds digit of (-467)/j + 25/75?
1
Suppose -8*g - 8893 = -r + 12054, -5*g + 45 = 0. What is the hundreds digit of r?
0
Let y(u) = 488*u**2 - 66*u - 69. What is the thousands digit of y(6)?
7
Suppose 25*i = -4*i + 174. Let q(b) = 17*b**2 + 4*b + 7. What is the tens digit of q(i)?
4
Let x = 17821 + 6203. What is the units digit of x?
4
Let t = 3630 + -3315. What is the tens digit of t?
1
Let f(v) be the third derivative of -v**4/6 + 11*v**3/3 - 12*v**2. Let y be f(5). Suppose 3*j - 84 = -y*g, -j + 20 = -2*g - 0. What is the units digit of j?
6
Suppose -14 - 6 = -5*u. Let g be 10/((-2)/(u/(-8)*4)). Let n(w) = 4*w**2 - 32*w - 3. What is the units digit of n(g)?
7
Suppose -23 = -4*j + 5. Suppose 2 = -0*i + i. Suppose -i*t - 5 = -j*t, 0 = 5*x - 4*t - 216. What is the units digit of x?
4
Let g(m) = -337*m + 69. Let a be g(-7). Suppose -16*s = a - 8268. What is the hundreds digit of s?
3
Let p(d) = -667*d + 91. What is the tens digit of p(-1)?
5
Let c(r) = 4*r - r**2 + 2*r + 33 + 0*r. Let f be c(10). What is the units digit of (f - 0)*(-864)/126?
8
Let r be -3 + 1 - -28 - 21/21. What is the units digit of 12786/36 - r/(-30)?
6
Let b(s) = -s**3 + 5*s**2 - 14*s + 36. Let q be b(4). What is the tens digit of (-618)/q*(15 + (-8 - 1))?
2
Suppose 0 = 28*w - 0*w - 41244. Suppose -6*d = -w - 333. What is the units digit of d?
1
Suppose 12*o - 48 = 12. Suppose -2373 = -3*x + 4*m + 300, 4490 = 5*x + o*m. What is the tens digit of x?
9
Suppose 